/5)*3?
9
Let a(l) = 3066*l**3 + l**2 + 82*l - 263. What is the tens digit of a(3)?
7
Suppose -65*q - 1259 + 49061 = -340378. What is the tens digit of q?
7
Let i be ((-18)/30)/(4/(-20)). Suppose 5 = -i*j + 17. Suppose q - f - 37 = -2*f, j*q = -3*f + 147. What is the tens digit of q?
3
Let m(v) = v - 1. Let i be m(5). Let l be (9 - i) + 482 + 6/(-2). Suppose -2*r - 3*h + l = 0, r + 2*r - 2*h = 739. What is the hundreds digit of r?
2
Let s = 5155 - -2271. What is the tens digit of s?
2
Let d be 10/(-4)*(-24)/(-15). Suppose 3*y - 6 = 3, 3 = 3*i + 4*y. What is the units digit of (0/d - -14) + i?
1
Suppose 6*r = 5*y + 83347, -r + 2*y = -15895 + 1998. What is the hundreds digit of (6/(162/r))/(2/6)?
5
Suppose -5*v + 44 = -31. What is the tens digit of 16/40 - (-339)/v?
2
Let p(g) = -g**3 - 3*g**2 - g - 20. Let h be p(-4). Suppose -2*r - 11*r + 2743 = h. What is the tens digit of r?
1
Let l(r) = 5*r**2 + 131*r + 126. What is the units digit of l(37)?
8
Let f = -26016 + 53710. What is the units digit of f?
4
Let h(a) = 58*a + 107. Let l be h(-13). Let d = l + 1075. What is the hundreds digit of d?
4
Let d = -18 - -20. Suppose d*s + 3*s = 30. Suppose 2*m - 9 = -l, 0 = -s*l + 2*l + 3*m + 91. What is the tens digit of l?
1
Let y be -3 - (-16 + 5/(-5)). Suppose -156 = -3*i - 3*s, 11*s - y*s + 104 = 2*i. What is the tens digit of i?
5
Suppose -26*u + 449 = -1137. Suppose u*v - 17160 = 6*v. What is the hundreds digit of v?
3
Let b be (-573*20/90)/((-2)/12). What is the units digit of -6 + b/3*3?
8
Suppose 0 = -4*v + 4*b + 100700, -3*v + 14*b + 75567 = 18*b. What is the tens digit of v?
8
Let a(z) = -z**2 - 4*z + 32. Let c be a(3). Let m(l) = 9*l**2 + 14*l - 4. What is the hundreds digit of m(c)?
2
Let f be (-565)/(-2)*(3 + 35/(-25)). Suppose -f = -8*q + 9228. What is the hundreds digit of q?
2
Let y(m) = m**3 + 10*m**2 + 5*m + 20. Let h be y(-9). Let v = 51 + h. What is the units digit of v?
7
What is the units digit of (-248157)/26*(-4)/8*4?
9
What is the tens digit of ((-606)/10)/(50/(-4500))?
5
Suppose 0 = -r + 4*m - 0 + 36, 4*r = m + 69. Let h be 7073/(-8) + 2/r. What is the tens digit of h/(-39)*42/4?
3
Suppose y = 4*c + 762, 2*c + 3738 = -215*y + 220*y. What is the hundreds digit of y?
7
Suppose 0 = 3*f + 12*z - 13*z - 23406, f + 3*z - 7812 = 0. What is the units digit of f?
3
Suppose 0 = 10*r + 18*r - 1541190 - 24962. What is the tens digit of r?
3
Let q(u) = -1000*u**3 - 3*u**2 + u + 2. Let j be q(1). What is the units digit of (j/(-10))/(0 - 1/(-4))?
0
Let h(d) = -4*d - 8. Let l(m) = m + 12. Let p be l(-18). Let f be h(p). Let b = 71 - f. What is the tens digit of b?
5
Let j(d) = 5*d + 55. Let w be j(-23). What is the tens digit of (-791)/(-2)*19/((-665)/w)?
7
Let j = -476 + 484. Suppose 2608 = j*b - 3144. What is the tens digit of b?
1
Let x(f) = 2687*f - 13242. What is the hundreds digit of x(21)?
1
Suppose 9458 = 5*d - 2884 - 21208. What is the hundreds digit of d?
7
Suppose -5*t + 55 + 38 = -3*u, -56 = -3*t + 2*u. Let a(b) = -b + 40. Let i be a(t). Suppose i*o - 40 = 17*o. What is the units digit of o?
8
Let l = -62 + 81. Let w = 21 - l. Suppose -316 - 124 = -3*t - 2*a, 0 = a + w. What is the hundreds digit of t?
1
Let n = 40 - 32. Suppose -4*s + 36 = -n*s. What is the units digit of -4 + (-12)/s*60?
6
Let x = 83 - 58. Suppose -3*b + 43 = -4*f, 3*b - x = -2*b. What is the units digit of 2/f - 968/(-56)?
7
Let z = 1611 - 347. Let m = -739 + z. What is the hundreds digit of m?
5
Let y(t) = 539*t**2 - 213*t - 1036. What is the hundreds digit of y(-5)?
5
Let d(i) = -6*i**2 - 9*i + 22. Let b(q) = -q**2 + q - 1. Let h(t) = -6*b(t) - d(t). What is the tens digit of h(6)?
3
Suppose -58*u + 30*u = -82544. What is the units digit of u?
8
Suppose 9*r = 7*r + 90. Suppose 9*u + 0*u - r = 0. Suppose -u*w + 0*y - 2*y + 126 = 0, 4*w + y = 99. What is the units digit of w?
4
Let y(b) = b**2 - 4*b - 8 - 7 + 17. Let z be y(4). What is the tens digit of ((-39)/z)/(9/(-18))?
3
Let c(b) = -149*b**3 + 2*b**2 + 46*b + 286. What is the thousands digit of c(-5)?
8
Let h(n) = n**3 + 2*n**2 - n - 3. Let k be h(0). Let t be (9/5)/(k/10). What is the tens digit of (-23)/(-138) + -1 + (-353)/t?
5
Let o(s) = s**3 + 17*s**2 + 12*s + 4. Let u be o(-16). Suppose 18*v = u*v - 93500. What is the hundreds digit of v?
8
Let u(h) = h + 1. Let s(y) = -4*y**2 - 9*y + 14. Let z(f) = -s(f) - 3*u(f). What is the units digit of z(-8)?
1
Let z = 175 - -1680. Let b = 2898 - z. What is the tens digit of b?
4
What is the thousands digit of ((-42)/(-7))/(-6)*(-4810 + 7)?
4
Let o = 225 - 230. Let j(m) = 37*m**2 - 4*m + 7. What is the hundreds digit of j(o)?
9
Let s = 57 + 40. Let n = s - 88. What is the units digit of n?
9
Let n be (-1558)/(-10) - (-40)/200. Suppose 0 = -n*r + 128*r + 34972. What is the hundreds digit of r?
2
Let w be (48/(-40))/(6/920). Let x be 45/35 + -1 - w/(-7). Let y = 138 + x. What is the tens digit of y?
1
Suppose 0 = -4*z + 11*q + 52959, 11*q + 7 = 12*q. What is the ten thousands digit of z?
1
Let p be (-28)/(-2) - 10/(-5). Let c(f) = 18*f + 142. What is the units digit of c(p)?
0
Let k(i) = 11546*i - 212. What is the ten thousands digit of k(4)?
4
Suppose 11320*j + 806148 = 11332*j. What is the thousands digit of j?
7
Let n = 23261 - -69431. What is the units digit of n?
2
Suppose 0 = 84*t - 92*t + 64, 32472 = 4*w - t. What is the hundreds digit of w?
1
Suppose 39*i = -4*i - 13*i + 1833160. What is the units digit of i?
5
Suppose -13 - 7 = -4*o. Let w be ((-2)/(-14) - (-4)/(-28))/2. Suppose -4*l - o*h + 4*h + 235 = w, -45 = -l - 3*h. What is the units digit of l?
0
Let y = -240 + 244. Suppose 0 = -y*d - 4*o + 1788, -5*d - 4*o + 1442 = -792. What is the tens digit of d?
4
Suppose -6308 = -11*q + 1326. Suppose -8*a = 246 - q. What is the tens digit of a?
5
What is the units digit of (-28210)/(-3*(-7)/((-189)/18))?
5
Let t = -871 + 464. Let u = t + 801. What is the tens digit of u?
9
Let o(w) = 1024*w + 72. What is the thousands digit of o(1)?
1
What is the thousands digit of ((-208)/2)/(-13)*278?
2
Suppose 4*y - 497 = -2*a + 465, -724 = -3*y + a. Let j(h) = -h**3 + 13*h**2 - 8*h - 40. Let c be j(6). Let x = y - c. What is the units digit of x?
7
Let b = -3449 + 31717. What is the hundreds digit of b?
2
Let h(l) = -4*l + 32. Suppose -4*x - 172 = 20. Let p be (x/42)/(4/(-14)). What is the units digit of h(p)?
6
Let o(f) = f**2 - 43*f + 153. Let r be o(4). Let i(t) = -385*t + 63. What is the hundreds digit of i(r)?
2
Suppose 0*t + 6*t = 192. Suppose -p + 5*n - t = 0, -2*n = -3*p + n - 60. What is the tens digit of -2*((-2 - -6) + p)?
2
Let c(n) = 22*n**2 - 9*n + 46. Let f(k) = -k**3 - 4*k**2 - 12*k - 11. Let v be f(-2). What is the units digit of c(v)?
1
Suppose 4*v - 11946 = -2*k, 2*k + 7500 = 2*v + 1512. What is the tens digit of v?
8
Suppose -4 = 90*b - 89*b, 2*b = -4*d + 54980. What is the ten thousands digit of d?
1
Let a(j) = 203*j**3 - 6*j**2 + 30*j - 17. What is the tens digit of a(3)?
0
Suppose 9*p - 9 = 18. Suppose 4*f = -0*f - p*n + 1282, -2*n = -3*f + 970. What is the units digit of f?
2
Let m = 233 - 235. What is the units digit of m + (-1983)/(-18) - 10/60?
8
Let h(b) = -4*b**2 - 188*b. Let o = 90 + -130. What is the hundreds digit of h(o)?
1
Suppose 0 = -8*t + 16*t. Suppose 19*p - 22*p + 132 = t. What is the units digit of p?
4
Let m(i) = -i**3 - 6*i**2 + 12*i - 12. Let n be m(6). Let x be n/(-24)*(0 + -2). What is the units digit of x*(-5)/((-25)/(-5))?
1
Let t(f) = -3*f - 7. Let q be t(-4). Let i(w) = 95*w - 21. What is the tens digit of i(q)?
5
Let h(q) = -q**3 - q**2 + 2*q - 7. Let p be h(0). Let n = -2 + -7. What is the units digit of 138/4*(p - n)?
9
Let u(i) = 164*i - 44. What is the hundreds digit of u(25)?
0
What is the thousands digit of 26058/4*((-9)/6 - 77/(-22))?
3
Suppose -44*b - 2286 = -26*b. Let k = 407 + b. What is the hundreds digit of k?
2
Suppose -z + 3 = 0, -2*z + 10339 = 5*s - 15777. What is the tens digit of s?
2
Let w be (1*2)/((-2)/25). Let d = -24 - w. What is the units digit of d?
1
Let o(i) = -58 + 62 + 449*i**2 - 4*i + 4*i. What is the thousands digit of o(-2)?
1
Let x(r) = 8125*r**2 + 319*r + 318. What is the thousands digit of x(-1)?
8
Suppose 0 = 6*d - 614 + 20. Let l = 508 - d. What is the tens digit of l?
0
Suppose 2*h -